
True
Is 23447 a prime number?
True
Is 304267 prime?
False
Is 138667 composite?
True
Is 288413 a composite number?
False
Is 609067 composite?
False
Is 568643 prime?
True
Is 193681 prime?
False
Is 2631 a prime number?
False
Is 1226 a composite number?
True
Is 2604221 a prime number?
False
Is 99961 a composite number?
False
Is 161683 composite?
False
Is 296917 composite?
True
Is 32401 a prime number?
True
Is 382427 composite?
False
Is 16837 composite?
True
Is 19907 a prime number?
False
Is 1039 composite?
False
Is 3271 prime?
True
Is 12361 a composite number?
True
Is 367 a prime number?
True
Is 3083 a composite number?
False
Is 51655 composite?
True
Is 12343 prime?
True
Is 12229 a composite number?
True
Is 649793 prime?
True
Is 3791 prime?
False
Is 286057 a composite number?
True
Is 929941 a prime number?
True
Is 34739 a prime number?
True
Is 21881 prime?
True
Is 19153 a prime number?
False
Is 1177787 a composite number?
True
Is 160543 composite?
True
Is 430657 a composite number?
True
Is 9719 a prime number?
True
Is 7621 composite?
False
Is 503911 composite?
False
Is 154387 a composite number?
False
Is 2053 a composite number?
False
Is 184211 prime?
True
Is 24861 a prime number?
False
Is 1317 prime?
False
Is 1481 a prime number?
True
Is 62861 a prime number?
True
Is 51713 composite?
False
Is 1306661 composite?
False
Is 271159 a prime number?
False
Is 8179 prime?
True
Is 16127 a composite number?
False
Is 23869 composite?
False
Is 19151 prime?
False
Is 827141 composite?
True
Is 717142 composite?
True
Is 9511 prime?
True
Is 111 a composite number?
True
Is 493093 composite?
False
Is 114157 prime?
True
Is 278479 a composite number?
False
Is 6623 a prime number?
False
Is 85691 composite?
False
Is 386039 a composite number?
False
Is 37798 composite?
True
Is 57611 composite?
True
Is 29851 a prime number?
True
Is 541 a composite number?
False
Is 142293 a prime number?
False
Is 14503 a prime number?
True
Is 352561 prime?
False
Is 66221 a prime number?
True
Is 29353 a prime number?
False
Is 4534 prime?
False
Is 110237 prime?
True
Is 379 composite?
False
Is 1087 composite?
False
Is 136709 prime?
True
Is 7053 a prime number?
False
Is 3503 composite?
True
Is 345307 prime?
True
Is 186513 prime?
False
Is 390343 prime?
True
Is 10779 prime?
False
Is 15559 composite?
False
Is 1867 composite?
False
Is 56629 prime?
True
Is 1693 a prime number?
True
Is 4883 a composite number?
True
Is 17231 prime?
True
Is 23449 a prime number?
False
Is 9169 a composite number?
True
Is 22735 composite?
True
Is 12067 composite?
True
Is 96101 a composite number?
True
Is 23597 prime?
False
Is 12895 composite?
True
Is 10589 a prime number?
True
Is 4327 composite?
False
Is 7993 a composite number?
False
Is 62309 prime?
False
Is 586969 a composite number?
True
Is 223543 a prime number?
True
Is 3265 a composite number?
True
Is 96895 a composite number?
True
Is 422914 composite?
True
Is 4577 a composite number?
True
Is 10345 a prime number?
False
Is 323591 a composite number?
False
Is 14583 composite?
True
Is 243769 a composite number?
False
Is 66083 a composite number?
False
Is 5737 prime?
True
Is 4666 a composite number?
True
Is 131027 composite?
True
Is 553 prime?
False
Is 1519111 composite?
True
Is 2845 a composite number?
True
Is 55291 composite?
False
Is 18119 a composite number?
False
Is 823039 a prime number?
False
Is 3722 composite?
True
Is 1949251 prime?
True
Is 1121189 composite?
False
Is 34535 composite?
True
Is 13159 a prime number?
True
Is 170629 a prime number?
False
Is 5155685 prime?
False
Is 48497 composite?
False
Is 23081 a prime number?
True
Is 1770599 composite?
True
Is 1129603 composite?
False
Is 129887 composite?
False
Is 29599 prime?
True
Is 1454171 prime?
False
Is 80621 a prime number?
True
Is 344703 a prime number?
False
Is 2953 a prime number?
True
Is 6410557 composite?
False
Is 24943 composite?
False
Is 914 prime?
False
Is 284039 a prime number?
False
Is 6504215 a composite number?
True
Is 404647 a composite number?
True
Is 229433 composite?
False
Is 17851 a composite number?
False
Is 441751 a prime number?
True
Is 191 a composite number?
False
Is 331 prime?
True
Is 69481 composite?
False
Is 589993 prime?
True
Is 74063 a composite number?
True
Is 140863 composite?
False
Is 5737 composite?
False
Is 83071 prime?
True
Is 1523341 a prime number?
False
Is 6521 prime?
True
Is 20653 composite?
True
Is 50419 a composite number?
True
Is 37403 a prime number?
False
Is 353099 prime?
True
Is 35517 composite?
True
Is 1552721 composite?
True
Is 37261 prime?
False
Is 18251 composite?
False
Is 97459 a prime number?
True
Is 821263 a composite number?
False
Is 41879 composite?
False
Is 42319 composite?
True
Is 2462435 a prime number?
False
Is 394501 prime?
True
Is 48611 composite?
False
Is 14981 prime?
False
Is 2087983 a composite number?
False
Is 67559 a composite number?
False
Is 117427 composite?
False
Is 2935 a prime number?
False
Is 69061 composite?
False
Is 114233 a prime number?
False
Is 422 composite?
True
Is 3670565 a composite number?
True
Is 1054546 prime?
False
Is 2129 a composite number?
False
Is 121123 prime?
True
Is 64067 a composite number?
False
Is 8597 a prime number?
True
Is 1008597 a prime number?
False
Is 3998477 a prime number?
False
Is 827021 composite?
True
Is 972869 a prime number?
True
Is 1514599 composite?
False
Is 122267 composite?
False
Is 85781 prime?
True
Is 3491 composite?
False
Is 170483 a composite number?
False
Is 737 prime?
False
Is 299509 composite?
True
Is 14683 a composite number?
False
Is 51971 composite?
False
Is 3839 prime?
False
Is 3523 composite?
True
Is 1944655 prime?
False
Is 1413479 prime?
True
Is 132887 a composite number?
False
Is 130957 a prime number?
True
Is 48221 a composite number?
False
Is 45817 prime?
True
Is 11273 prime?
True
Is 570881 prime?
True
Is 48221 composite?
False
Is 192121 prime?
True
Is 488174 composite?
True
Is 11185 a prime number?
False
Is 601487 a prime number?
True
Is 677 a prime number?
True
Is 557533 composite?
False
Is 29537 composite?
False
Is 3379 prime?
False
Is 3959 a composite number?
True
Is 7393 composite?
False
Is 28903 prime?
False
Is 324707 prime?
True
Is 153379 composite?
False
Is 258233 prime?
True
Is 6433 composite?
True
Is 28937 a prime number?
False
Is 304367 prime?
False
Is 65141 a prime number?
True
Is 23189 a prime number?
True
Is 53503 composite?
False
Is 331841 prime?
True
Is 66227 a prime number?
False
Is 373 prime?
True
Is 191 composite?
False
Is 216947 prime?
True
Is 515615 composite?
True
Is 50363 a prime number?
True
Is 22469 composite?
False
Is 51713 composite?
False
Is 5261 a composite number?
False
Is 104063 a composite number?
True
Is 7789 a prime number?
True
Is 425489 composite?
False
Is 13753 a prime number?
False
Is 50017 a composite number?
True
Is 112511 a prime number?
False
Is 3260407 composite?
False
Is 24719 a prime number?
False
Is 13801 a prime number?
False
Is 5981 prime?
True
Is 24803 a prime number?
False
Is 295861 composite?
False
Is 1399 prime?
True
Is 3433 a prime number?
True
Is 100811 a prime number?
True
Is 3809 a composite number?
True
Is 93715 a composite number?
True
Is 141301 composite?
False
Is 83209 a composite number?
True
Is 10673 a prime number?
False
Is 22819 a composite number?
True
Is 46741 a prime number?
False
Is 2939 composite?
False
Is 79913 a composite number?
True
Is 97593 composite?
True
Is 7621 a composite number?
False
Is 76753 composite?
False
Is 1299 a prime number?
False
Is 57083 a composite number?
True
Is 38813 prime?
False
Is 4417 prime?
False
Is 10427 a prime number?
True
Is 352639 composite?
True
Is 5939 prime?
True
Is 1207681 a prime number?
True
Is 57307 prime?
False
Is 28979 a composite number?
False
Is 47581 a composite number?
False
Is 55087 composite?
True
Is 2179997 composite?
False
Is 139133 composite?
False
Is 4861 prime?
True
Is 7831 a composite number?
True
Is 12713 composite?
False
Is 504967 composite?
False
Is 231317 composite?
False
Is 38011 a composite number?
False
Is 99403 composite?
True
Is 4049 a composite number?
False
Is 20849 a composite number?
False
Is 944929 a prime number?
True
Is 1963495 a prime number?
False
Is 52379 a composite number?
False
Is 14545 a prime number?
False
Is 406481 prime?
True
Is